q - 2*h + 11 = 0. What are the prime factors of l(q)?
2
Let f be 26/(-4) - 5/10. Let k = f - -14. What are the prime factors of k?
7
What are the prime factors of 288/(-112)*14/(-3)?
2, 3
Let x = 13 - 12. What are the prime factors of (-4 + 14)/x + 3?
13
Suppose 4*i - 6 = 3*i. Suppose -3*v = i - 114. List the prime factors of v.
2, 3
List the prime factors of 66/(-10)*-3*(-15)/(-9).
3, 11
Let k = -9 - -11. Suppose -a - k*y + 25 + 1 = 0, -2*y + 80 = 4*a. What are the prime factors of a?
2, 3
Let u be 30/7 + 2/(-7). Suppose -u*l = -4*o - 40, -4*o + 55 - 5 = 5*l. What are the prime factors of l?
2, 5
Suppose l = 4*v - 7, l - 3*v + 0 + 5 = 0. Let y(f) = -l - f**2 - 8*f - 3 + f. List the prime factors of y(-6).
2
Suppose 0*n - 4 = 2*n. Let d be n*(8 + 0/1). Let l = d + 28. What are the prime factors of l?
2, 3
Let u be (39 + 1)/4*1. Suppose 0 = -14*c + u*c + 80. What are the prime factors of c?
2, 5
Let c be (13 - 1)*(1 - -1). Let x(v) = v**2 + 7*v - 6. Let m be x(-6). Let d = c + m. List the prime factors of d.
2, 3
Let d(m) = 11*m - 4. List the prime factors of d(5).
3, 17
Let q(v) = -v - 6. What are the prime factors of q(-14)?
2
Let l(w) = 49*w - 10. List the prime factors of l(2).
2, 11
Suppose 4*f + 2*h - 10 = 16, 3*f + 5*h - 30 = 0. Suppose 0 = -3*x - 15, 2*x - 4*x = f*o - 20. What are the prime factors of o?
2, 3
List the prime factors of (-36)/(-60) - 567/(-5).
2, 3, 19
Let r(j) = 2*j**3 - 5*j**2 + 3*j + 2. List the prime factors of r(3).
2, 5
Let t(o) = -4*o**2. Let p(h) = -h**3 - 2*h**2 + 2*h - 4. Let n be p(-3). Let z be t(n). Let w(v) = -3*v. What are the prime factors of w(z)?
2, 3
Suppose 3*v - 152 + 23 = -3*a, 0 = 3*a - 3*v - 135. Suppose 0 = t - a + 1. List the prime factors of t.
43
Let m(h) = 2*h**2 + 8*h - 14. What are the prime factors of m(-7)?
2, 7
Let s(y) = -33*y**2 + 1. Let g be s(-1). Let b be (-6)/4*g/(-6). What are the prime factors of ((-18)/b)/((-6)/(-32))?
2, 3
Suppose 0 = -0*q + 2*q + x - 9, -5*q = -2*x - 27. Let y(w) = 2*w**2 - 6*w - 6. Let t be y(q). List the prime factors of t + (-2)/(0 - -2).
13
Let m be 2/1*27/6. Let x = 16 - m. What are the prime factors of x?
7
Let n(q) = -6*q**2 - 6*q + 3. Let r(k) = 3 - 5*k**2 + 0*k**2 + 0 - 5*k. Let h(x) = 4*n(x) - 5*r(x). List the prime factors of h(3).
3
Let c(o) = 2*o + 1. Let d be c(7). Suppose 2*j - 85 = -d. List the prime factors of j.
5, 7
Let j(x) = -x + 2. Suppose -4*n = -6*n + 6. Suppose -4*o - 5 = -n*o, 30 = -5*p + o. List the prime factors of j(p).
3
Suppose 2*v + 4*u - 120 = 0, -4*v + u - 56 = -5*v. Suppose v = 2*k - 2*x, x + x - 44 = -2*k. List the prime factors of k.
2, 3
Let z(g) = 9*g**2 + 1. Let i be z(1). Suppose -60 = -5*t - i. List the prime factors of t.
2, 5
Suppose -w + f = -7, -2*w + 0*w + 3*f = -18. Suppose -16 = -4*x + w*x. What are the prime factors of x?
2
Let l(b) be the second derivative of b**4/6 - 5*b**3/6 - 3*b**2/2 - 4*b. What are the prime factors of l(6)?
3, 13
Let w(y) = -y**3 - 3*y**2 + 3*y - 2. Let z be w(-4). Let l = z - 0. What are the prime factors of l?
2
List the prime factors of 292 + 4/(-26) + (-100)/26.
2, 3
What are the prime factors of 9*(372/18 - 1*-4)?
2, 3, 37
Let q = -2 - -2. Suppose -4*w + 39 + 9 = q. Suppose 0*l = -l + w. What are the prime factors of l?
2, 3
Let n(v) = -v**3 - 9*v**2 + 8. Let j(f) = -f**2. Let o be j(-3). What are the prime factors of n(o)?
2
Let b(v) = -v**3 - 8*v**2 + v - 12. What are the prime factors of b(-9)?
2, 3, 5
Let c be (-7 - -7) + 0/2. Suppose 5*m - h - 63 = c, -3*h + 6 = -0. List the prime factors of m.
13
Let w(i) = 2*i - 7. Let f be w(5). Let q(k) = k - 4. Let h be q(f). Let r(j) = -4*j**3 + j. What are the prime factors of r(h)?
3
Let f = 3 - -49. Suppose -2*z + 6*z = f. Suppose h = -2*y + z, h - 4*y - 3 - 22 = 0. What are the prime factors of h?
17
Let a(p) be the second derivative of p**3 + 5*p**2/2 + 7*p. What are the prime factors of a(4)?
29
Suppose 0 = 3*f, 0 = -s + f + 3*f + 11. Suppose -2*q = -s - 19. What are the prime factors of q?
3, 5
Suppose -c = -0 - 3. Suppose -5*f + 9 = c*l, -5*l + 2 = 4*f - 0. What are the prime factors of f?
3
What are the prime factors of (-8)/(-3)*15/2?
2, 5
Let k be 5/(-10) + 2/4. List the prime factors of (k + -1)/(4/(-28)).
7
Suppose q = 3*w - 6, -2*q - 5*w + 10*w - 9 = 0. List the prime factors of q.
3
Let n = 1 + -1. Let s(u) = -2*u + 3*u + 10 - 2*u. What are the prime factors of s(n)?
2, 5
Let x(d) = -4 - d + 0*d + 10*d + 4*d. What are the prime factors of x(3)?
5, 7
Suppose 0*i = -2*i - 14. List the prime factors of i/(21/(-12)) - -16.
2, 5
Suppose -5*o = 3*u - 5, -o - 4*o = -4*u - 5. Suppose v - 2 - 2 = u. Suppose i - 35 = -v*i. What are the prime factors of i?
7
Let n be 11 + -4 - (0 - -1). Suppose -f + n = -8. What are the prime factors of f?
2, 7
Suppose 0 = b - 2, -3*a - 3*b + b = -34. Let j = -4 + a. List the prime factors of ((-4)/j)/((-2)/33).
11
Let d(w) be the second derivative of w**4/12 + 3*w**2/2 + 2*w. What are the prime factors of d(5)?
2, 7
Let c be (-2)/(-14) - 538/(-7). Suppose c = 4*d + s, 3*d + 0*s + 4*s - 74 = 0. What are the prime factors of d?
2, 3
Suppose -16 + 1 = g. List the prime factors of 9/g - 39/(-15).
2
Let o(d) = -5*d - 3. What are the prime factors of o(-11)?
2, 13
Suppose 0*b - 4*p - 128 = -4*b, 2*b - p = 69. What are the prime factors of b?
37
Let j(b) = 4 + b - b**2 + 2 - 6*b. Let y be j(-5). Suppose -2*n + 3*l - 2 = 0, y*n - 18 = 2*n - 5*l. List the prime factors of n.
2
Let q(v) be the first derivative of v**3/3 + 7*v**2/2 + 8*v + 4. Suppose -4*i - 7 = -3*i. What are the prime factors of q(i)?
2
Suppose 2*q = 6*q - 2*h - 30, -10 = 2*h. Suppose 0*z - 100 = -q*z. List the prime factors of z.
2, 5
What are the prime factors of 82/(-3)*21/(-14)?
41
Suppose -5*c = -2*c + 4*n - 8, 4*n = -2*c. Suppose -2*j = -0*j - c. What are the prime factors of j?
2
Suppose 0 = -5*a + c + 252, c = 4*a - 133 - 69. Suppose a = 5*u - 4*f, u - f - 10 = -3*f. List the prime factors of u.
2, 5
Let s = -1 - -2. Let h(t) = 5*t**2 - t + 1 - 4*t + 3*t. List the prime factors of h(s).
2
What are the prime factors of (15/(-6))/(4/(-136))?
5, 17
Let v be (-372)/(-21) - (-2)/7. Let k = 32 - v. What are the prime factors of k?
2, 7
Suppose 2*z + 19 = -k, z + 3*z - 4*k = -20. Let m(l) be the second derivative of -l**3/6 - l**2/2 - 3*l. What are the prime factors of m(z)?
7
Let m = 89 + -87. List the prime factors of m.
2
Let w be -1 - (0/(-1) + -3). Suppose b + 2*b - 5*v = 0, w*b = -3*v + 19. Suppose -4*y + 4 = -r, 3*r - 2*y - b = 23. What are the prime factors of r?
2, 3
Suppose 1 = k - 2. Suppose 3*s + 23 = -5*c, k*c - 2*s + 31 = 2. Let i(o) = o**3 + 8*o**2 + 7*o + 7. What are the prime factors of i(c)?
7
Suppose 0 = 6*h - 196 - 740. List the prime factors of h.
2, 3, 13
Suppose -2*m = -m + 3*i - 3, -i = m - 1. Suppose -v - 3 = m, -v - 3*v = -2*q + 66. What are the prime factors of q?
3
Let f(x) = x**3 + 5*x**2 - 6*x + 2. Let l(n) = 2*n - 2. Let k be l(-2). List the prime factors of f(k).
2
Let m be (2/(-5))/(5/(-50)). Suppose 9*f - 61 = -a + m*f, -3*a - 4*f = -128. What are the prime factors of a?
2, 3
Let s = 0 + 4. Let j be (-6)/(-4) + (-2)/(-4). Suppose 0 = 3*w + 6, 0 = -5*h - j*w + s*w + 49. What are the prime factors of h?
3
Suppose h + 2 = a, -2*a - 2*h = -6*h + 2. Suppose -2*n = -5*v - n + 51, 5*v + a*n = 75. What are the prime factors of v?
11
Suppose 32 = 4*d - d + 2*l, 0 = -5*d - 3*l + 52. Let m be (-2 + -1)*d/6. Let k = 13 + m. What are the prime factors of k?
3
Suppose -4 = -3*c + c. Let w = c + 16. What are the prime factors of w?
2, 3
Let c(l) be the first derivative of -2*l - 7/2*l**2 - 2 - 1/3*l**3. List the prime factors of c(-6).
2
Let b = 23 + -10. Suppose -3*y = 9, -4*y - 39 = -2*p + b. What are the prime factors of p?
2, 5
Suppose 0 = -64*w + 63*w + 50. What are the prime factors of w?
2, 5
Let y(p) = 4*p**3 - 4*p**2 + 3*p. Let x = -11 - -13. What are the prime factors of y(x)?
2, 11
Suppose 0 = -4*p + 27 - 7. Suppose 0*n = p*s + n - 77, 0 = 3*s - 2*n - 54. What are the prime factors of s?
2
Let s = 158 + -68. Let q = 132 - s. Let b = q + -22. What are the prime factors of b?
2, 5
Let l(w) be the first derivative of -w**3/3 + 2*w**2 + 2. Let k be 2 + -1*(-1)/1. List the prime factors of l(k).
3
Let y = 195 - 59